 2) to base 15
-142
What is 513 (base 7) in base 9?
313
What is 111032 (base 5) in base 3?
12100011
What is 44a (base 13) in base 15?
343
266 (base 9) to base 10
222
What is -106 (base 10) in base 14?
-78
-1b6 (base 14) to base 7
-1016
What is ba11 (base 14) in base 6?
404515
Convert 4ea (base 15) to base 2.
10001100000
Convert -35044 (base 6) to base 5.
-124441
Convert -ca7 (base 14) to base 11.
-1972
Convert 6005 (base 16) to base 4.
12000011
-1101100000 (base 2) to base 13
-516
What is 602 (base 7) in base 12?
208
55d (base 14) to base 4
100213
Convert -a215 (base 12) to base 8.
-42261
Convert 38444 (base 10) to base 16.
962c
What is -130333 (base 4) in base 2?
-11100111111
What is -8325 (base 10) in base 3?
-102102100
What is -21021211 (base 3) in base 10?
-5314
Convert -110000 (base 2) to base 14.
-36
Convert -30102 (base 4) to base 16.
-312
Convert -b6c (base 14) to base 2.
-100011001100
-cb2 (base 15) to base 10
-2867
What is -101101111 (base 2) in base 10?
-367
422 (base 15) to base 9
1245
What is 1030 (base 7) in base 8?
554
Convert -111011000001 (base 2) to base 12.
-2229
What is 1022221 (base 3) in base 10?
970
What is 212020 (base 3) in base 13?
393
Convert 3124 (base 5) to base 14.
218
What is -23133002 (base 4) in base 15?
-de12
112 (base 16) to base 9
334
Convert -2869 (base 11) to base 2.
-111001111001
Convert 26b13 (base 12) to base 11.
37171
Convert 1131 (base 11) to base 7.
4222
What is 11120 (base 3) in base 7?
234
3006 (base 7) to base 4
100023
-30774 (base 10) to base 6
-354250
What is 4 (base 14) in base 8?
4
What is 252a (base 12) in base 6?
31254
-1156 (base 7) to base 9
-531
Convert -44448 (base 10) to base 9.
-66866
40591 (base 12) to base 16
1473d
Convert 222 (base 16) to base 9.
666
-787 (base 15) to base 7
-4651
What is -687 (base 15) in base 2?
-10111000101
Convert 11303 (base 4) to base 10.
371
Convert 49a3 (base 14) to base 15.
3c3d
Convert -24773 (base 8) to base 4.
-2213323
What is -622 (base 14) in base 7?
-3342
What is 1101 (base 4) in base 12?
69
Convert 365 (base 16) to base 10.
869
Convert 3a (base 11) to base 4.
223
What is -117b (base 13) in base 15?
-ae8
Convert 3b9b (base 12) to base 3.
100110002
23100 (base 5) to base 6
11350
Convert 18025 (base 9) to base 12.
7228
What is -249 (base 16) in base 13?
-360
What is 21a (base 15) in base 3?
122121
What is 43 (base 14) in base 15?
3e
Convert -103123 (base 6) to base 8.
-20433
-21233 (base 6) to base 2
-101101010101
Convert -21645 (base 13) to base 8.
-165746
-131212 (base 6) to base 4
-2322320
What is 22443 (base 6) in base 8?
6173
-110011100 (base 2) to base 5
-3122
112111 (base 5) to base 6
30355
Convert -2022012 (base 5) to base 7.
-164334
What is 2221201 (base 3) in base 7?
6163
What is 517 (base 12) in base 5?
10424
What is -6cc (base 13) in base 2?
-10010011110
What is 1341 (base 6) in base 7?
1006
-142 (base 15) to base 7
-560
Convert -111001100100 (base 2) to base 3.
-12001110
21121 (base 4) to base 6
2441
What is -1167 (base 8) in base 13?
-397
Convert 110101101101 (base 2) to base 13.
1745
What is -20165 (base 7) in base 5?
-124043
What is 3044 (base 5) in base 14?
207
615 (base 16) to base 10
1557
What is -51e5 (base 16) in base 2?
-101000111100101
Convert 2200 (base 3) to base 9.
80
What is 13330 (base 5) in base 16?
442
Convert 23464 (base 9) to base 14.
5a0b
Convert -22212 (base 3) to base 4.
-3233
Convert 111212011 (base 3) to base 12.
5a1a
Convert 101120 (base 3) to base 11.
23a
10306 (base 7) to base 16
9fa
What is -32105 (base 6) in base 9?
-5875
Convert 6a9a (base 12) to base 9.
17321
-4432 (base 5) to base 10
-617
Convert -110011010111010 (base 2) to base 13.
-bc7c
What is -1112121 (base 3) in base 6?
-5111
What is 111011110011011 (base 2) in base 3?
1120000001
What is 215a7 (base 11) in base 13?
11355
What is -1111010010 (base 2) in base 4?
-33102
Convert 3940 (base 14) to base 5.
310202
What is 11010000111 (base 2) in base 3?
2021220
101010001101 (base 2) to base 9
3631
Convert -231632 (base 7) to base 2.
-1010001000000101
What is 2038 (base 9) in base 5?
21433
-1345 (base 11) to base 8
-3317
What is -111c (base 14) in base 15?
-d2b
Convert -488 (base 15) to base 9.
-1362
Convert -2098 (base 10) to base 11.
-1638
Convert -791 (base 12) to base 4.
-101131
-101200 (base 7) to base 10
-17248
What is 3030032 (base 5) in base 12?
2427b
What is 1660 (base 9) in base 11?
a54
What is -40102 (base 5) in base 11?
-1998
What is a6 (base 15) in base 7?
312
Convert 2075 (base 12) to base 13.
17c9
2796 (base 10) to base 9
3746
What is 3426 (base 11) in base 12?
2735
What is -2246 (base 7) in base 11?
-684
Convert 20404 (base 5) to base 2.
10101001010
Convert 207 (base 13) to base 8.
531
17897 (base 11) to base 13
b517
What is 22122 (base 4) in base 10?
666
What is -432 (base 7) in base 12?
-163
-1559 (base 11) to base 2
-11111010000
12366 (base 7) to base 15
e8c
Convert -2124 (base 14) to base 13.
-27a9
Convert -3127 (base 12) to base 6.
-40451
What is -121222120 (base 3) in base 13?
-5835
Convert -11010000111 (base 2) to base 14.
-875
Convert -6907 (base 10) to base 13.
-31b4
4a (base 13) to base 8
76
2f (base 16) to base 14
35
Convert -505c (base 13) to base 15.
-3427
-5388 (base 14) to base 10
-14428
Convert 61723 (base 8) to base 5.
1304210
What is -2200201 (base 3) in base 9?
-2621
What is -19251 (base 11) in base 10?
-26918
What is 3211200 (base 4) in base 8?
34540
What is 437 (base 15) in base 7?
2530
What is 262641 (base 7) in base 9?
74226
-1011111111 (base 2) to base 7
-2144
What is -1100110111 (base 2) in base 6?
-3451
What is 37 (base 16) in base 9?
61
Convert 21012112 (base 3) to base 16.
1484
Convert -24012 (base 5) to base 16.
-6dd
Convert -1407 (base 8) to base 3.
-1001201
-7697 (base 10) to base 14
-2b3b
Convert 10001111000111010 (base 2) to base 9.
121455
What is 3312 (base 9) in base 16?
989
Convert 8e2 (base 15) to base 14.
a3a
2982 (base 10) to base 16
ba6
What is -55011 (base 8) in base 13?
-a650
What is -610 (base 7) in base 8?
-455
-117b (base 13) to base 15
-ae8
What is 5764 (base 10) in base 3?
21220111
46661 (base 8) to base 11
13a41
1355 (base 7) to base 10
530
340 (base 7) to base 3
20111
-11441 (base 5) to base 9
-1167
af (base 16) to base 14
c7
Convert 2c01 (base 15) to base 12.
5577
What is 14603 (base 10) in base 3?
202000212
What is 8482 (base 9) in base 11?
4754
-1011100010 (base 2) to base 4
-23202
What is 11f (base 16) in base 12?
1bb
What is -1391 (base 10) in base 6?
-10235
Convert -7183 (base 12) to base 14.
-46d5
What is 433 (base 10) in base 13?
274
515034 (base 6) to base 12
1ba7a
-116d7 (base 15) to base 14
-16360
10061 (base 8) to base 4
1000301
5136 (base 7) to base 14
91d
Convert 1003 (base 5) to base 12.
a8
Convert 6412 (base 7) to base 16.
8d7
23a (base 13) to base 4
12003
-6424 (base 7) to base 4
-203200
What is 41041 (base 5) in base 7?
10500
-21a5 (base 16) to base 4
-2012211
24234 (base 5) to base 6
12231
What is 716 (base 11) in base 13?
516
-594 (base 10) to base 15
-299
-1022212022 (base 3) to base 9
-38768
What is 2540 (base 11) in base 7?
12440
Convert 23460 (base 9) to base 8.
36507
-bb (base 16) to base 12
-137
-1252 (base 10) to base 11
-a39
What is -21474 (base 10) in base 7?
-116415
3160 (base 10) to base 2
110001011000
2513 (base 7) to base 3
1021212
What is 22220 (base 4) in base 5?
10210
Convert 61d (base 15) to base 2.
10101100010
-1226 (base 12) to base 14
-a62
-ad4 (base 16) to base 10
-2772
Convert -51236 (base 9) to base 12.
-17629
Convert 4150 (base 6) to base 12.
656
What is -105 (base 16) in base 5?
-2021
-11010210 (base 3) to base 7
-11541
201 (base 15) to base 6
2031
What is 10101011101011 (base 2) in base 12?
6437
1011000110000 (base 2) to base 12
3354
-23342 (base 8) to base 5
-304304
Convert -62b (base 13) to base 8.
-2033
-402030 (base 5) to base 3
-122111210
22885 (base 9) to base 8
35711
Convert 612 (base 9) to base 13.
2c3
Convert 120020 (base 3) to base 5.
3121
-18061 (base 10) to base 16
-468d
12143 (base 6) to base 10
1791
What is -54013 (base 6) in base 2?
-1110010111001
-643 (base 9) to base 3
-201110
What is 19408 (base 10) in base 7?
110404
What is 3522 (base 6) in base 13?
4ca
Convert -626 (base 9) to base 11.
-424
Convert -168a8 (base 12) to base 8.
-